[INFO] cloning repository https://github.com/mtsr/entityx-ecs-rs-proto
[INFO] running `Command { std: "git" "-c" "credential.helper=" "-c" "credential.helper=/workspace/cargo-home/bin/git-credential-null" "clone" "--bare" "https://github.com/mtsr/entityx-ecs-rs-proto" "/workspace/cache/git-repos/https%3A%2F%2Fgithub.com%2Fmtsr%2Fentityx-ecs-rs-proto", kill_on_drop: false }`
[INFO] [stderr] Cloning into bare repository '/workspace/cache/git-repos/https%3A%2F%2Fgithub.com%2Fmtsr%2Fentityx-ecs-rs-proto'...
[INFO] running `Command { std: "git" "rev-parse" "HEAD", kill_on_drop: false }`
[INFO] [stdout] 5fe2c96f99e59a18b9ec8ef719a62c35c38ecc63
[INFO] checking mtsr/entityx-ecs-rs-proto against try#72f88fc4e9458f89516a0b8b0868f3718aec5b47 for pr-74989
[INFO] running `Command { std: "git" "clone" "/workspace/cache/git-repos/https%3A%2F%2Fgithub.com%2Fmtsr%2Fentityx-ecs-rs-proto" "/workspace/builds/worker-5/source", kill_on_drop: false }`
[INFO] [stderr] Cloning into '/workspace/builds/worker-5/source'...
[INFO] [stderr] done.
[INFO] validating manifest of git repo https://github.com/mtsr/entityx-ecs-rs-proto on toolchain 72f88fc4e9458f89516a0b8b0868f3718aec5b47
[INFO] running `Command { std: "/workspace/cargo-home/bin/cargo" "+72f88fc4e9458f89516a0b8b0868f3718aec5b47" "read-manifest" "--manifest-path" "Cargo.toml", kill_on_drop: false }`
[INFO] removed /workspace/builds/worker-5/source/.cargo/config
[INFO] started tweaking git repo https://github.com/mtsr/entityx-ecs-rs-proto
[INFO] removed path dependency ecs from git repo https://github.com/mtsr/entityx-ecs-rs-proto
[INFO] finished tweaking git repo https://github.com/mtsr/entityx-ecs-rs-proto
[INFO] tweaked toml for git repo https://github.com/mtsr/entityx-ecs-rs-proto written to /workspace/builds/worker-5/source/Cargo.toml
[INFO] crate git repo https://github.com/mtsr/entityx-ecs-rs-proto already has a lockfile, it will not be regenerated
[INFO] running `Command { std: "/workspace/cargo-home/bin/cargo" "+72f88fc4e9458f89516a0b8b0868f3718aec5b47" "fetch" "--locked" "--manifest-path" "Cargo.toml", kill_on_drop: false }`
[INFO] [stderr] warning: dependency (ecs) specified without providing a local path, Git repository, or version to use. This will be considered an error in future versions
[INFO] [stderr] warning: dependency (time) specified without providing a local path, Git repository, or version to use. This will be considered an error in future versions
[INFO] [stderr]     Blocking waiting for file lock on package cache
[INFO] [stderr]     Updating crates.io index
[INFO] [stderr]     Updating git repository `https://github.com/tomaka/glutin.git`
[INFO] [stderr]     Updating git repository `https://github.com/sebcrozet/nalgebra.git`
[INFO] [stderr]     Updating git repository `https://github.com/tomaka/android-rs-glue`
[INFO] [stderr]     Updating git repository `https://github.com/servo/rust-cocoa`
[INFO] [stderr]     Updating git repository `https://github.com/servo/rust-core-foundation`
[INFO] [stderr]     Updating git repository `https://github.com/servo/rust-core-graphics`
[INFO] [stderr]     Updating git repository `https://github.com/huonw/compile_msg`
[INFO] [stderr] error: the lock file /workspace/builds/worker-5/source/Cargo.lock needs to be updated but --locked was passed to prevent this
[INFO] [stderr] If you want to try to generate the lock file without accessing the network, use the --offline flag.
[INFO] the lockfile is outdated, regenerating it
[INFO] running `Command { std: "/workspace/cargo-home/bin/cargo" "+72f88fc4e9458f89516a0b8b0868f3718aec5b47" "generate-lockfile" "--manifest-path" "Cargo.toml" "-Zno-index-update", kill_on_drop: false }`
[INFO] [stderr]     Blocking waiting for file lock on package cache
[INFO] [stderr]     Updating git repository `https://github.com/tomaka/glutin.git`
[INFO] [stderr]     Updating git repository `https://github.com/sebcrozet/nalgebra.git`
[INFO] [stderr] warning: fetching `master` branch from `https://github.com/sebcrozet/nalgebra.git` but the `HEAD` reference for this repository is not the `master` branch. This behavior will change in Cargo in the future and your build may break, so it's recommended to place `branch = "master"` in Cargo.toml when depending on this git repository to ensure that your build will continue to work.
[INFO] running `Command { std: "/workspace/cargo-home/bin/cargo" "+72f88fc4e9458f89516a0b8b0868f3718aec5b47" "fetch" "--locked" "--manifest-path" "Cargo.toml", kill_on_drop: false }`
[INFO] [stderr] warning: dependency (ecs) specified without providing a local path, Git repository, or version to use. This will be considered an error in future versions
[INFO] [stderr] warning: dependency (time) specified without providing a local path, Git repository, or version to use. This will be considered an error in future versions
[INFO] [stderr]     Blocking waiting for file lock on package cache
[INFO] [stderr]     Blocking waiting for file lock on package cache
[INFO] [stderr]  Downloading crates ...
[INFO] [stderr]   Downloaded wayland-scanner v0.27.0
[INFO] [stderr]   Downloaded android_log-sys v0.1.2
[INFO] [stderr]   Downloaded ndk-sys v0.1.0
[INFO] [stderr]   Downloaded core-video-sys v0.1.4
[INFO] [stderr]   Downloaded jni-sys v0.3.0
[INFO] [stderr]   Downloaded wayland-egl v0.27.0
[INFO] [stderr]   Downloaded wayland-commons v0.27.0
[INFO] [stderr]   Downloaded ndk v0.1.0
[INFO] [stderr]   Downloaded wayland-sys v0.27.0
[INFO] [stderr]   Downloaded ndk-glue v0.1.0
[INFO] [stderr]   Downloaded derivative v2.1.1
[INFO] [stderr]   Downloaded vec_map v0.4.0
[INFO] [stderr]   Downloaded wayland-client v0.27.0
[INFO] [stderr]   Downloaded winit v0.22.2
[INFO] [stderr]   Downloaded proc-macro-crate v0.1.5
[INFO] [stderr]   Downloaded num_enum_derive v0.4.3
[INFO] [stderr]   Downloaded num_enum v0.4.3
[INFO] [stderr]   Downloaded ecs v0.23.1
[INFO] running `Command { std: "docker" "create" "-v" "/var/lib/crater-agent-workspace/builds/worker-5/target:/opt/rustwide/target:rw,Z" "-v" "/var/lib/crater-agent-workspace/builds/worker-5/source:/opt/rustwide/workdir:ro,Z" "-v" "/var/lib/crater-agent-workspace/cargo-home:/opt/rustwide/cargo-home:ro,Z" "-v" "/var/lib/crater-agent-workspace/rustup-home:/opt/rustwide/rustup-home:ro,Z" "-e" "SOURCE_DIR=/opt/rustwide/workdir" "-e" "CARGO_TARGET_DIR=/opt/rustwide/target" "-e" "CARGO_HOME=/opt/rustwide/cargo-home" "-e" "RUSTUP_HOME=/opt/rustwide/rustup-home" "-w" "/opt/rustwide/workdir" "-m" "1610612736" "--user" "0:0" "--network" "none" "rustops/crates-build-env@sha256:d92eaeed33fa75130ca1ee6c8a01d1ffb62bac859dfdfb3450e3e5d1c0146529" "/opt/rustwide/cargo-home/bin/cargo" "+72f88fc4e9458f89516a0b8b0868f3718aec5b47" "metadata" "--no-deps" "--format-version=1", kill_on_drop: false }`
[INFO] [stdout] 72648a817ce950690d287bf4a220185aaffa1e8240c01a89087e868e9ebb9200
[INFO] [stderr] WARNING: Your kernel does not support swap limit capabilities or the cgroup is not mounted. Memory limited without swap.
[INFO] running `Command { std: "docker" "start" "-a" "72648a817ce950690d287bf4a220185aaffa1e8240c01a89087e868e9ebb9200", kill_on_drop: false }`
[INFO] running `Command { std: "docker" "inspect" "72648a817ce950690d287bf4a220185aaffa1e8240c01a89087e868e9ebb9200", kill_on_drop: false }`
[INFO] running `Command { std: "docker" "rm" "-f" "72648a817ce950690d287bf4a220185aaffa1e8240c01a89087e868e9ebb9200", kill_on_drop: false }`
[INFO] [stdout] 72648a817ce950690d287bf4a220185aaffa1e8240c01a89087e868e9ebb9200
[INFO] running `Command { std: "docker" "create" "-v" "/var/lib/crater-agent-workspace/builds/worker-5/target:/opt/rustwide/target:rw,Z" "-v" "/var/lib/crater-agent-workspace/builds/worker-5/source:/opt/rustwide/workdir:ro,Z" "-v" "/var/lib/crater-agent-workspace/cargo-home:/opt/rustwide/cargo-home:ro,Z" "-v" "/var/lib/crater-agent-workspace/rustup-home:/opt/rustwide/rustup-home:ro,Z" "-e" "SOURCE_DIR=/opt/rustwide/workdir" "-e" "CARGO_TARGET_DIR=/opt/rustwide/target" "-e" "CARGO_INCREMENTAL=0" "-e" "RUST_BACKTRACE=full" "-e" "RUSTFLAGS=--cap-lints=forbid" "-e" "CARGO_HOME=/opt/rustwide/cargo-home" "-e" "RUSTUP_HOME=/opt/rustwide/rustup-home" "-w" "/opt/rustwide/workdir" "-m" "1610612736" "--user" "0:0" "--network" "none" "rustops/crates-build-env@sha256:d92eaeed33fa75130ca1ee6c8a01d1ffb62bac859dfdfb3450e3e5d1c0146529" "/opt/rustwide/cargo-home/bin/cargo" "+72f88fc4e9458f89516a0b8b0868f3718aec5b47" "check" "--frozen" "--all" "--all-targets" "--message-format=json", kill_on_drop: false }`
[INFO] [stdout] d13cb4e464ea56dd6f8dfb3854073c158feb7e4d5f9563f69c56cf9239aced49
[INFO] [stderr] WARNING: Your kernel does not support swap limit capabilities or the cgroup is not mounted. Memory limited without swap.
[INFO] running `Command { std: "docker" "start" "-a" "d13cb4e464ea56dd6f8dfb3854073c158feb7e4d5f9563f69c56cf9239aced49", kill_on_drop: false }`
[INFO] [stderr] warning: dependency (ecs) specified without providing a local path, Git repository, or version to use. This will be considered an error in future versions
[INFO] [stderr] warning: dependency (time) specified without providing a local path, Git repository, or version to use. This will be considered an error in future versions
[INFO] [stderr]    Compiling libc v0.2.77
[INFO] [stderr]    Compiling xml-rs v0.8.3
[INFO] [stderr]    Compiling bitflags v1.2.1
[INFO] [stderr]     Checking lazy_static v1.4.0
[INFO] [stderr]    Compiling proc-macro2 v0.4.30
[INFO] [stderr]     Checking void v1.0.2
[INFO] [stderr]    Compiling pkg-config v0.3.18
[INFO] [stderr]    Compiling khronos_api v3.1.0
[INFO] [stderr]    Compiling cfg-if v0.1.10
[INFO] [stderr]    Compiling nix v0.14.1
[INFO] [stderr]     Checking downcast-rs v1.2.0
[INFO] [stderr]    Compiling proc-macro-hack v0.5.18
[INFO] [stderr]    Compiling syn v1.0.41
[INFO] [stderr]     Checking same-file v1.0.6
[INFO] [stderr]     Checking xdg v2.2.0
[INFO] [stderr]     Checking scoped-tls v1.0.0
[INFO] [stderr]     Checking percent-encoding v2.1.0
[INFO] [stderr]     Checking vec_map v0.4.0
[INFO] [stderr]    Compiling num-traits v0.2.12
[INFO] [stderr]    Compiling num-complex v0.2.4
[INFO] [stderr]    Compiling num-integer v0.1.43
[INFO] [stderr]    Compiling standback v0.2.10
[INFO] [stderr]    Compiling time v0.2.19
[INFO] [stderr]     Checking lock_api v0.3.4
[INFO] [stderr]     Checking walkdir v2.3.1
[INFO] [stderr]    Compiling log v0.4.11
[INFO] [stderr]     Checking libloading v0.6.3
[INFO] [stderr]     Checking ecs v0.23.1
[INFO] [stderr]     Checking dlib v0.4.2
[INFO] [stderr]    Compiling wayland-scanner v0.27.0
[INFO] [stderr]    Compiling gl_generator v0.14.0
[INFO] [stderr]     Checking wayland-sys v0.23.6
[INFO] [stderr]    Compiling wayland-sys v0.27.0
[INFO] [stderr]    Compiling x11-dl v2.18.5
[INFO] [stderr]    Compiling paste-impl v0.1.18
[INFO] [stderr]    Compiling quote v0.6.13
[INFO] [stderr]    Compiling wayland-scanner v0.23.6
[INFO] [stderr]     Checking approx v0.3.2
[INFO] [stderr]     Checking ordered-float v1.1.0
[INFO] [stderr]     Checking line_drawing v0.7.0
[INFO] [stderr]     Checking paste v0.1.18
[INFO] [stderr]     Checking rusttype v0.8.3
[INFO] [stderr]     Checking num-rational v0.2.4
[INFO] [stderr]    Compiling glutin_glx_sys v0.1.7 (https://github.com/tomaka/glutin.git#63a1ea7d)
[INFO] [stderr]    Compiling glutin_egl_sys v0.1.5 (https://github.com/tomaka/glutin.git#63a1ea7d)
[INFO] [stderr]    Compiling wayland-client v0.27.0
[INFO] [stderr]     Checking simba v0.1.5
[INFO] [stderr]     Checking rusttype v0.7.9
[INFO] [stderr]     Checking net2 v0.2.35
[INFO] [stderr]     Checking iovec v0.1.4
[INFO] [stderr]     Checking getrandom v0.1.15
[INFO] [stderr]     Checking nix v0.17.0
[INFO] [stderr]     Checking parking_lot_core v0.7.2
[INFO] [stderr]     Checking memmap v0.7.0
[INFO] [stderr]     Checking raw-window-handle v0.3.3
[INFO] [stderr]     Checking shared_library v0.1.9
[INFO] [stderr]     Checking andrew v0.2.1
[INFO] [stderr]     Checking rand_core v0.5.1
[INFO] [stderr]     Checking mio v0.6.22
[INFO] [stderr]     Checking osmesa-sys v0.1.2
[INFO] [stderr]     Checking parking_lot v0.10.2
[INFO] [stderr]     Checking rand_chacha v0.2.2
[INFO] [stderr]     Checking rand v0.7.3
[INFO] [stderr]    Compiling wayland-client v0.23.6
[INFO] [stderr]    Compiling wayland-protocols v0.23.6
[INFO] [stderr]     Checking mio-extras v2.0.6
[INFO] [stderr]     Checking rand_distr v0.2.2
[INFO] [stderr]     Checking nalgebra v0.21.1 (https://github.com/sebcrozet/nalgebra.git#d5cbe563)
[INFO] [stderr]     Checking wayland-commons v0.27.0
[INFO] [stderr]     Checking calloop v0.4.4
[INFO] [stderr]     Checking wayland-commons v0.23.6
[INFO] [stderr]     Checking wayland-egl v0.27.0
[INFO] [stderr]    Compiling time-macros-impl v0.1.1
[INFO] [stderr]     Checking time-macros v0.1.0
[INFO] [stderr]     Checking smithay-client-toolkit v0.6.6
[INFO] [stderr]     Checking winit v0.22.2
[INFO] [stderr]     Checking glutin v0.24.1 (https://github.com/tomaka/glutin.git#63a1ea7d)
[INFO] [stderr]     Checking roguelike v0.0.1 (/opt/rustwide/workdir)
[INFO] [stdout] warning: unknown lint: `unstable`
[INFO] [stdout]  --> src/main.rs:1:10
[INFO] [stdout]   |
[INFO] [stdout] 1 | #![allow(unstable)]
[INFO] [stdout]   |          ^^^^^^^^
[INFO] [stdout]   |
[INFO] [stdout]   = note: `#[warn(unknown_lints)]` on by default
[INFO] [stdout] 
[INFO] [stdout] 
[INFO] [stdout] warning: unknown lint: `unstable`
[INFO] [stdout]  --> src/handle_manager.rs:1:10
[INFO] [stdout]   |
[INFO] [stdout] 1 | #![allow(unstable)]
[INFO] [stdout]   |          ^^^^^^^^
[INFO] [stdout] 
[INFO] [stdout] 
[INFO] [stdout] warning: unknown lint: `unstable`
[INFO] [stdout]  --> src/main.rs:1:10
[INFO] [stdout]   |
[INFO] [stdout] 1 | #![allow(unstable)]
[INFO] [stdout]   |          ^^^^^^^^
[INFO] [stdout]   |
[INFO] [stdout]   = note: `#[warn(unknown_lints)]` on by default
[INFO] [stdout] 
[INFO] [stdout] 
[INFO] [stdout] warning: unknown lint: `unstable`
[INFO] [stdout]  --> src/handle_manager.rs:1:10
[INFO] [stdout]   |
[INFO] [stdout] 1 | #![allow(unstable)]
[INFO] [stdout]   |          ^^^^^^^^
[INFO] [stdout] 
[INFO] [stdout] 
[INFO] [stdout] error[E0432]: unresolved import `std::collections::VecMap`
[INFO] [stdout]   --> src/main.rs:10:25
[INFO] [stdout]    |
[INFO] [stdout] 10 | use std::collections::{ VecMap, HashMap };
[INFO] [stdout]    |                         ^^^^^^ no `VecMap` in `collections`
[INFO] [stdout] 
[INFO] [stdout] 
[INFO] [stdout] error[E0432]: unresolved import `nalgebra::Vec2`
[INFO] [stdout]   --> src/main.rs:12:17
[INFO] [stdout]    |
[INFO] [stdout] 12 | use nalgebra::{ Vec2 };
[INFO] [stdout]    |                 ^^^^ no `Vec2` in the root
[INFO] [stdout] 
[INFO] [stdout] 
[INFO] [stdout] error[E0432]: unresolved imports `glutin::Window`, `glutin::PollEventsIterator`, `glutin::ElementState`, `glutin::VirtualKeyCode`
[INFO] [stdout]   --> src/main.rs:14:15
[INFO] [stdout]    |
[INFO] [stdout] 14 | use glutin::{ Window, PollEventsIterator, ElementState, VirtualKeyCode };
[INFO] [stdout]    |               ^^^^^^  ^^^^^^^^^^^^^^^^^^  ^^^^^^^^^^^^  ^^^^^^^^^^^^^^ no `VirtualKeyCode` in the root
[INFO] [stdout]    |               |       |                   |
[INFO] [stdout]    |               |       |                   no `ElementState` in the root
[INFO] [stdout]    |               |       no `PollEventsIterator` in the root
[INFO] [stdout]    |               no `Window` in the root
[INFO] [stdout]    |               help: a similar name exists in the module (notice the capitalization): `window`
[INFO] [stdout] 
[INFO] [stdout] 
[INFO] [stdout] error[E0432]: unresolved imports `ecs::Control`, `ecs::EntityManager`, `ecs::TupAppend`
[INFO] [stdout]   --> src/main.rs:19:5
[INFO] [stdout]    |
[INFO] [stdout] 19 |     Control,
[INFO] [stdout]    |     ^^^^^^^ no `Control` in the root
[INFO] [stdout] 20 |     EntityManager,
[INFO] [stdout]    |     ^^^^^^^^^^^^^ no `EntityManager` in the root
[INFO] [stdout] ...
[INFO] [stdout] 23 |     TupAppend, // required for components macro
[INFO] [stdout]    |     ^^^^^^^^^ no `TupAppend` in the root
[INFO] [stdout] 
[INFO] [stdout] 
[INFO] [stdout] error[E0432]: unresolved import `std::collections::VecMap`
[INFO] [stdout]   --> src/main.rs:10:25
[INFO] [stdout]    |
[INFO] [stdout] 10 | use std::collections::{ VecMap, HashMap };
[INFO] [stdout]    |                         ^^^^^^ no `VecMap` in `collections`
[INFO] [stdout] 
[INFO] [stdout] 
[INFO] [stdout] error[E0432]: unresolved import `nalgebra::Vec2`
[INFO] [stdout]   --> src/main.rs:12:17
[INFO] [stdout]    |
[INFO] [stdout] 12 | use nalgebra::{ Vec2 };
[INFO] [stdout]    |                 ^^^^ no `Vec2` in the root
[INFO] [stdout] 
[INFO] [stdout] 
[INFO] [stdout] error[E0432]: unresolved imports `glutin::Window`, `glutin::PollEventsIterator`, `glutin::ElementState`, `glutin::VirtualKeyCode`
[INFO] [stdout]   --> src/main.rs:14:15
[INFO] [stdout]    |
[INFO] [stdout] 14 | use glutin::{ Window, PollEventsIterator, ElementState, VirtualKeyCode };
[INFO] [stdout]    |               ^^^^^^  ^^^^^^^^^^^^^^^^^^  ^^^^^^^^^^^^  ^^^^^^^^^^^^^^ no `VirtualKeyCode` in the root
[INFO] [stdout]    |               |       |                   |
[INFO] [stdout]    |               |       |                   no `ElementState` in the root
[INFO] [stdout]    |               |       no `PollEventsIterator` in the root
[INFO] [stdout]    |               no `Window` in the root
[INFO] [stdout]    |               help: a similar name exists in the module (notice the capitalization): `window`
[INFO] [stdout] 
[INFO] [stdout] 
[INFO] [stdout] error[E0432]: unresolved imports `ecs::Control`, `ecs::EntityManager`, `ecs::TupAppend`
[INFO] [stdout]   --> src/main.rs:19:5
[INFO] [stdout]    |
[INFO] [stdout] 19 |     Control,
[INFO] [stdout]    |     ^^^^^^^ no `Control` in the root
[INFO] [stdout] 20 |     EntityManager,
[INFO] [stdout]    |     ^^^^^^^^^^^^^ no `EntityManager` in the root
[INFO] [stdout] ...
[INFO] [stdout] 23 |     TupAppend, // required for components macro
[INFO] [stdout]    |     ^^^^^^^^^ no `TupAppend` in the root
[INFO] [stdout] 
[INFO] [stdout] 
[INFO] [stdout] error[E0433]: failed to resolve: could not find `WindowBuilder` in `glutin`
[INFO] [stdout]   --> src/main.rs:54:26
[INFO] [stdout]    |
[INFO] [stdout] 54 |     let window = glutin::WindowBuilder::new()
[INFO] [stdout]    |                          ^^^^^^^^^^^^^ not found in `glutin`
[INFO] [stdout]    |
[INFO] [stdout] help: consider importing this struct
[INFO] [stdout]    |
[INFO] [stdout] 10 | use glutin::window::WindowBuilder;
[INFO] [stdout]    |
[INFO] [stdout] 
[INFO] [stdout] 
[INFO] [stdout] warning: unused imports: `ComponentManager`, `Entity`, `System`
[INFO] [stdout]   --> src/main.rs:18:5
[INFO] [stdout]    |
[INFO] [stdout] 18 |     Entity,
[INFO] [stdout]    |     ^^^^^^
[INFO] [stdout] ...
[INFO] [stdout] 21 |     ComponentManager,
[INFO] [stdout]    |     ^^^^^^^^^^^^^^^^
[INFO] [stdout] 22 |     System,
[INFO] [stdout]    |     ^^^^^^
[INFO] [stdout]    |
[INFO] [stdout]    = note: `#[warn(unused_imports)]` on by default
[INFO] [stdout] 
[INFO] [stdout] 
[INFO] [stdout] error[E0433]: failed to resolve: could not find `WindowBuilder` in `glutin`
[INFO] [stdout]   --> src/main.rs:54:26
[INFO] [stdout]    |
[INFO] [stdout] 54 |     let window = glutin::WindowBuilder::new()
[INFO] [stdout]    |                          ^^^^^^^^^^^^^ not found in `glutin`
[INFO] [stdout]    |
[INFO] [stdout] help: consider importing this struct
[INFO] [stdout]    |
[INFO] [stdout] 10 | use glutin::window::WindowBuilder;
[INFO] [stdout]    |
[INFO] [stdout] 
[INFO] [stdout] 
[INFO] [stdout] warning: unused imports: `ComponentManager`, `Entity`, `System`
[INFO] [stdout]   --> src/main.rs:18:5
[INFO] [stdout]    |
[INFO] [stdout] 18 |     Entity,
[INFO] [stdout]    |     ^^^^^^
[INFO] [stdout] ...
[INFO] [stdout] 21 |     ComponentManager,
[INFO] [stdout]    |     ^^^^^^^^^^^^^^^^
[INFO] [stdout] 22 |     System,
[INFO] [stdout]    |     ^^^^^^
[INFO] [stdout]    |
[INFO] [stdout]    = note: `#[warn(unused_imports)]` on by default
[INFO] [stdout] 
[INFO] [stdout] 
[INFO] [stdout] warning: use of deprecated function `time::precise_time_ns`: Use `OffsetDateTime::now() - OffsetDateTime::unix_epoch()` to get a `Duration` since a known epoch.
[INFO] [stdout]    --> src/main.rs:129:22
[INFO] [stdout]     |
[INFO] [stdout] 129 |             last_ns: time::precise_time_ns(),
[INFO] [stdout]     |                      ^^^^^^^^^^^^^^^^^^^^^
[INFO] [stdout]     |
[INFO] [stdout]     = note: `#[warn(deprecated)]` on by default
[INFO] [stdout] 
[INFO] [stdout] 
[INFO] [stdout] warning: use of deprecated function `time::precise_time_ns`: Use `OffsetDateTime::now() - OffsetDateTime::unix_epoch()` to get a `Duration` since a known epoch.
[INFO] [stdout]    --> src/main.rs:129:22
[INFO] [stdout]     |
[INFO] [stdout] 129 |             last_ns: time::precise_time_ns(),
[INFO] [stdout]     |                      ^^^^^^^^^^^^^^^^^^^^^
[INFO] [stdout]     |
[INFO] [stdout]     = note: `#[warn(deprecated)]` on by default
[INFO] [stdout] 
[INFO] [stdout] 
[INFO] [stdout] warning: use of deprecated function `time::precise_time_ns`: Use `OffsetDateTime::now() - OffsetDateTime::unix_epoch()` to get a `Duration` since a known epoch.
[INFO] [stdout]    --> src/main.rs:146:30
[INFO] [stdout]     |
[INFO] [stdout] 146 |             let current_ns = time::precise_time_ns();
[INFO] [stdout]     |                              ^^^^^^^^^^^^^^^^^^^^^
[INFO] [stdout] 
[INFO] [stdout] 
[INFO] [stdout] warning: use of deprecated function `time::precise_time_ns`: Use `OffsetDateTime::now() - OffsetDateTime::unix_epoch()` to get a `Duration` since a known epoch.
[INFO] [stdout]    --> src/main.rs:146:30
[INFO] [stdout]     |
[INFO] [stdout] 146 |             let current_ns = time::precise_time_ns();
[INFO] [stdout]     |                              ^^^^^^^^^^^^^^^^^^^^^
[INFO] [stdout] 
[INFO] [stdout] 
[INFO] [stdout] error[E0392]: parameter `Id` is never used
[INFO] [stdout]  --> src/handle_manager.rs:3:26
[INFO] [stdout]   |
[INFO] [stdout] 3 | pub struct HandleManager<Id, T> {
[INFO] [stdout]   |                          ^^ unused parameter
[INFO] [stdout]   |
[INFO] [stdout]   = help: consider removing `Id`, referring to it in a field, or using a marker such as `PhantomData`
[INFO] [stdout] 
[INFO] [stdout] 
[INFO] [stdout] error[E0392]: parameter `Id` is never used
[INFO] [stdout]  --> src/handle_manager.rs:3:26
[INFO] [stdout]   |
[INFO] [stdout] 3 | pub struct HandleManager<Id, T> {
[INFO] [stdout]   |                          ^^ unused parameter
[INFO] [stdout]   |
[INFO] [stdout]   = help: consider removing `Id`, referring to it in a field, or using a marker such as `PhantomData`
[INFO] [stdout] 
[INFO] [stdout] 
[INFO] [stdout] error[E0392]: parameter `Id` is never used
[INFO] [stdout]   --> src/handle_manager.rs:32:19
[INFO] [stdout]    |
[INFO] [stdout] 32 | pub struct Handle<Id, T> {
[INFO] [stdout]    |                   ^^ unused parameter
[INFO] [stdout]    |
[INFO] [stdout]    = help: consider removing `Id`, referring to it in a field, or using a marker such as `PhantomData`
[INFO] [stdout] 
[INFO] [stdout] 
[INFO] [stdout] error[E0392]: parameter `Id` is never used
[INFO] [stdout]   --> src/handle_manager.rs:32:19
[INFO] [stdout]    |
[INFO] [stdout] 32 | pub struct Handle<Id, T> {
[INFO] [stdout]    |                   ^^ unused parameter
[INFO] [stdout]    |
[INFO] [stdout]    = help: consider removing `Id`, referring to it in a field, or using a marker such as `PhantomData`
[INFO] [stdout] 
[INFO] [stdout] 
[INFO] [stdout] error[E0392]: parameter `T` is never used
[INFO] [stdout]   --> src/handle_manager.rs:32:23
[INFO] [stdout]    |
[INFO] [stdout] 32 | pub struct Handle<Id, T> {
[INFO] [stdout]    |                       ^ unused parameter
[INFO] [stdout]    |
[INFO] [stdout]    = help: consider removing `T`, referring to it in a field, or using a marker such as `PhantomData`
[INFO] [stdout] 
[INFO] [stdout] 
[INFO] [stdout] error[E0392]: parameter `T` is never used
[INFO] [stdout]   --> src/handle_manager.rs:32:23
[INFO] [stdout]    |
[INFO] [stdout] 32 | pub struct Handle<Id, T> {
[INFO] [stdout]    |                       ^ unused parameter
[INFO] [stdout]    |
[INFO] [stdout]    = help: consider removing `T`, referring to it in a field, or using a marker such as `PhantomData`
[INFO] [stdout] 
[INFO] [stdout] 
[INFO] [stdout] error[E0277]: the trait bound `WorldId: SystemManager` is not satisfied
[INFO] [stdout]   --> src/main.rs:82:27
[INFO] [stdout]    |
[INFO] [stdout] 82 | fn update<WorldId>(world: &mut World<WorldId>, dt: u64, events: PollEventsIterator) -> bool {
[INFO] [stdout]    |                           ^^^^^^^^^^^^^^^^^^^ the trait `SystemManager` is not implemented for `WorldId`
[INFO] [stdout]    | 
[INFO] [stdout]   ::: /opt/rustwide/cargo-home/registry/src/github.com-1ecc6299db9ec823/ecs-0.23.1/src/world.rs:12:30
[INFO] [stdout]    |
[INFO] [stdout] 12 | pub struct World<S> where S: SystemManager
[INFO] [stdout]    |                              ------------- required by this bound in `World`
[INFO] [stdout]    |
[INFO] [stdout] help: consider restricting type parameter `WorldId`
[INFO] [stdout]    |
[INFO] [stdout] 82 | fn update<WorldId: SystemManager>(world: &mut World<WorldId>, dt: u64, events: PollEventsIterator) -> bool {
[INFO] [stdout]    |                  ^^^^^^^^^^^^^^^
[INFO] [stdout] 
[INFO] [stdout] 
[INFO] [stdout] error[E0392]: parameter `WorldId` is never used
[INFO] [stdout]   --> src/main.rs:86:21
[INFO] [stdout]    |
[INFO] [stdout] 86 | struct RenderSystem<WorldId> {
[INFO] [stdout]    |                     ^^^^^^^ unused parameter
[INFO] [stdout]    |
[INFO] [stdout]    = help: consider removing `WorldId`, referring to it in a field, or using a marker such as `PhantomData`
[INFO] [stdout] 
[INFO] [stdout] 
[INFO] [stdout] error[E0277]: the trait bound `WorldId: SystemManager` is not satisfied
[INFO] [stdout]   --> src/main.rs:82:27
[INFO] [stdout]    |
[INFO] [stdout] 82 | fn update<WorldId>(world: &mut World<WorldId>, dt: u64, events: PollEventsIterator) -> bool {
[INFO] [stdout]    |                           ^^^^^^^^^^^^^^^^^^^ the trait `SystemManager` is not implemented for `WorldId`
[INFO] [stdout]    | 
[INFO] [stdout]   ::: /opt/rustwide/cargo-home/registry/src/github.com-1ecc6299db9ec823/ecs-0.23.1/src/world.rs:12:30
[INFO] [stdout]    |
[INFO] [stdout] 12 | pub struct World<S> where S: SystemManager
[INFO] [stdout]    |                              ------------- required by this bound in `World`
[INFO] [stdout]    |
[INFO] [stdout] help: consider restricting type parameter `WorldId`
[INFO] [stdout]    |
[INFO] [stdout] 82 | fn update<WorldId: SystemManager>(world: &mut World<WorldId>, dt: u64, events: PollEventsIterator) -> bool {
[INFO] [stdout]    |                  ^^^^^^^^^^^^^^^
[INFO] [stdout] 
[INFO] [stdout] 
[INFO] [stdout] error[E0392]: parameter `WorldId` is never used
[INFO] [stdout]   --> src/main.rs:86:21
[INFO] [stdout]    |
[INFO] [stdout] 86 | struct RenderSystem<WorldId> {
[INFO] [stdout]    |                     ^^^^^^^ unused parameter
[INFO] [stdout]    |
[INFO] [stdout]    = help: consider removing `WorldId`, referring to it in a field, or using a marker such as `PhantomData`
[INFO] [stdout] 
[INFO] [stdout] 
[INFO] [stdout] error[E0277]: the trait bound `WorldId: SystemManager` is not satisfied
[INFO] [stdout]    --> src/main.rs:101:33
[INFO] [stdout]     |
[INFO] [stdout] 101 |     fn render(&mut self, world: &World<WorldId>, dt: u64, window: &Window) {
[INFO] [stdout]     |                                 ^^^^^^^^^^^^^^^ the trait `SystemManager` is not implemented for `WorldId`
[INFO] [stdout]     | 
[INFO] [stdout]    ::: /opt/rustwide/cargo-home/registry/src/github.com-1ecc6299db9ec823/ecs-0.23.1/src/world.rs:12:30
[INFO] [stdout]     |
[INFO] [stdout] 12  | pub struct World<S> where S: SystemManager
[INFO] [stdout]     |                              ------------- required by this bound in `World`
[INFO] [stdout]     |
[INFO] [stdout] help: consider restricting type parameter `WorldId`
[INFO] [stdout]     |
[INFO] [stdout] 90  | impl<WorldId: SystemManager> RenderSystem<WorldId> {
[INFO] [stdout]     |             ^^^^^^^^^^^^^^^
[INFO] [stdout] 
[INFO] [stdout] 
[INFO] [stdout] error[E0277]: the trait bound `WorldId: SystemManager` is not satisfied
[INFO] [stdout]    --> src/main.rs:101:33
[INFO] [stdout]     |
[INFO] [stdout] 101 |     fn render(&mut self, world: &World<WorldId>, dt: u64, window: &Window) {
[INFO] [stdout]     |                                 ^^^^^^^^^^^^^^^ the trait `SystemManager` is not implemented for `WorldId`
[INFO] [stdout]     | 
[INFO] [stdout]    ::: /opt/rustwide/cargo-home/registry/src/github.com-1ecc6299db9ec823/ecs-0.23.1/src/world.rs:12:30
[INFO] [stdout]     |
[INFO] [stdout] 12  | pub struct World<S> where S: SystemManager
[INFO] [stdout]     |                              ------------- required by this bound in `World`
[INFO] [stdout]     |
[INFO] [stdout] help: consider restricting type parameter `WorldId`
[INFO] [stdout]     |
[INFO] [stdout] 90  | impl<WorldId: SystemManager> RenderSystem<WorldId> {
[INFO] [stdout]     |             ^^^^^^^^^^^^^^^
[INFO] [stdout] 
[INFO] [stdout] 
[INFO] [stdout] error: aborting due to 11 previous errors; 5 warnings emitted
[INFO] [stdout] 
[INFO] [stdout] 
[INFO] [stdout] Some errors have detailed explanations: E0277, E0392, E0432, E0433.
[INFO] [stdout] 
[INFO] [stdout] For more information about an error, try `rustc --explain E0277`.
[INFO] [stdout] 
[INFO] [stdout] error: aborting due to 11 previous errors; 5 warnings emitted
[INFO] [stdout] 
[INFO] [stdout] 
[INFO] [stdout] Some errors have detailed explanations: E0277, E0392, E0432, E0433.
[INFO] [stdout] 
[INFO] [stdout] For more information about an error, try `rustc --explain E0277`.
[INFO] [stdout] 
[INFO] [stderr] error: could not compile `roguelike`.
[INFO] [stderr] 
[INFO] [stderr] To learn more, run the command again with --verbose.
[INFO] [stderr] warning: build failed, waiting for other jobs to finish...
[INFO] [stderr] error: build failed
[INFO] running `Command { std: "docker" "inspect" "d13cb4e464ea56dd6f8dfb3854073c158feb7e4d5f9563f69c56cf9239aced49", kill_on_drop: false }`
[INFO] running `Command { std: "docker" "rm" "-f" "d13cb4e464ea56dd6f8dfb3854073c158feb7e4d5f9563f69c56cf9239aced49", kill_on_drop: false }`
[INFO] [stdout] d13cb4e464ea56dd6f8dfb3854073c158feb7e4d5f9563f69c56cf9239aced49
